{"id":40,"date":"2024-09-10T08:05:33","date_gmt":"2024-09-10T08:05:33","guid":{"rendered":"https:\/\/bbqhouse.marketreach.se\/?page_id=40"},"modified":"2024-09-18T12:15:47","modified_gmt":"2024-09-18T12:15:47","slug":"grillar-tillbehor","status":"publish","type":"page","link":"https:\/\/bbqhouse.marketreach.se\/?page_id=40","title":{"rendered":"Grillar &#038; tillbeh\u00f6r"},"content":{"rendered":"<div class=\"wpb-content-wrapper\"><p>[vc_row css_animation=&#8221;&#8221; row_type=&#8221;row&#8221; use_row_as_full_screen_section=&#8221;no&#8221; type=&#8221;full_width&#8221; angled_section=&#8221;no&#8221; text_align=&#8221;left&#8221; background_image_as_pattern=&#8221;without_pattern&#8221;][vc_column][layerslider_vc id=&#8221;3&#8243;][\/vc_column][\/vc_row][vc_row css_animation=&#8221;&#8221; row_type=&#8221;row&#8221; use_row_as_full_screen_section=&#8221;no&#8221; type=&#8221;full_width&#8221; angled_section=&#8221;no&#8221; text_align=&#8221;left&#8221; background_image_as_pattern=&#8221;without_pattern&#8221;][vc_column width=&#8221;1\/6&#8243;][\/vc_column][vc_column width=&#8221;2\/3&#8243;][vc_column_text css=&#8221;.vc_custom_1726066959559{padding-top: 40px !important;}&#8221;]<\/p>\n<h2 style=\"text-align: center;\">Grillar &amp; tillbeh\u00f6r<\/h2>\n<p>[\/vc_column_text][vc_separator type=&#8221;small&#8221; position=&#8221;center&#8221; color=&#8221;#EF8F09&#8243; thickness=&#8221;1&#8243; width=&#8221;140&#8243; up=&#8221;20&#8243; down=&#8221;20&#8243;][vc_column_text css=&#8221;.vc_custom_1726661744752{padding-top: 10px !important;}&#8221;]<\/p>\n<p style=\"text-align: center;\">Oavsett om du \u00e4lskar kol, r\u00f6k och pellets eller kanske smidigheten med gasol \u2013 vi finns h\u00e4r f\u00f6r dig! Vi \u00e4lskar alla typer av tillagningsmetoder! S\u00e4ger du gasol, ved, pellets, kol, keramisk grill eller r\u00f6kning s\u00e5 s\u00e4ger vi\u00a0<em><strong>absolut, vilken modell s\u00f6ker du?<\/strong><\/em><\/p>\n<p style=\"text-align: center;\">Det \u00e4r slutresultatet, och gl\u00e4djen l\u00e4ngs v\u00e4gen, som r\u00e4knas.<\/p>\n<p>[\/vc_column_text][\/vc_column][vc_column width=&#8221;1\/6&#8243;][\/vc_column][\/vc_row][vc_row css_animation=&#8221;&#8221; row_type=&#8221;row&#8221; use_row_as_full_screen_section=&#8221;no&#8221; type=&#8221;full_width&#8221; angled_section=&#8221;no&#8221; text_align=&#8221;left&#8221; background_image_as_pattern=&#8221;without_pattern&#8221;][vc_column][vc_single_image image=&#8221;151&#8243; img_size=&#8221;full&#8221; alignment=&#8221;center&#8221; css=&#8221;.vc_custom_1726068206250{padding-top: 40px !important;}&#8221; qode_css_animation=&#8221;&#8221;][\/vc_column][\/vc_row]<\/p>\n<\/div>","protected":false},"excerpt":{"rendered":"<p>[vc_row css_animation=&#8221;&#8221; row_type=&#8221;row&#8221; use_row_as_full_screen_section=&#8221;no&#8221; type=&#8221;full_width&#8221; angled_section=&#8221;no&#8221; text_align=&#8221;left&#8221; background_image_as_pattern=&#8221;without_pattern&#8221;][vc_column][layerslider_vc id=&#8221;3&#8243;][\/vc_column][\/vc_row][vc_row css_animation=&#8221;&#8221; row_type=&#8221;row&#8221; use_row_as_full_screen_section=&#8221;no&#8221; type=&#8221;full_width&#8221; angled_section=&#8221;no&#8221; text_align=&#8221;left&#8221; background_image_as_pattern=&#8221;without_pattern&#8221;][vc_column width=&#8221;1\/6&#8243;][\/vc_column][vc_column width=&#8221;2\/3&#8243;][vc_column_text css=&#8221;.vc_custom_1726066959559{padding-top: 40px !important;}&#8221;] Grillar &amp; tillbeh\u00f6r [\/vc_column_text][vc_separator type=&#8221;small&#8221; position=&#8221;center&#8221; color=&#8221;#EF8F09&#8243; thickness=&#8221;1&#8243; width=&#8221;140&#8243; up=&#8221;20&#8243; down=&#8221;20&#8243;][vc_column_text css=&#8221;.vc_custom_1726661744752{padding-top: 10px !important;}&#8221;] Oavsett om du \u00e4lskar kol, r\u00f6k och pellets eller kanske&#8230;<\/p>\n","protected":false},"author":2,"featured_media":0,"parent":0,"menu_order":0,"comment_status":"closed","ping_status":"closed","template":"","meta":{"footnotes":""},"class_list":["post-40","page","type-page","status-publish","hentry"],"_links":{"self":[{"href":"https:\/\/bbqhouse.marketreach.se\/index.php?rest_route=\/wp\/v2\/pages\/40","targetHints":{"allow":["GET"]}}],"collection":[{"href":"https:\/\/bbqhouse.marketreach.se\/index.php?rest_route=\/wp\/v2\/pages"}],"about":[{"href":"https:\/\/bbqhouse.marketreach.se\/index.php?rest_route=\/wp\/v2\/types\/page"}],"author":[{"embeddable":true,"href":"https:\/\/bbqhouse.marketreach.se\/index.php?rest_route=\/wp\/v2\/users\/2"}],"replies":[{"embeddable":true,"href":"https:\/\/bbqhouse.marketreach.se\/index.php?rest_route=%2Fwp%2Fv2%2Fcomments&post=40"}],"version-history":[{"count":13,"href":"https:\/\/bbqhouse.marketreach.se\/index.php?rest_route=\/wp\/v2\/pages\/40\/revisions"}],"predecessor-version":[{"id":346,"href":"https:\/\/bbqhouse.marketreach.se\/index.php?rest_route=\/wp\/v2\/pages\/40\/revisions\/346"}],"wp:attachment":[{"href":"https:\/\/bbqhouse.marketreach.se\/index.php?rest_route=%2Fwp%2Fv2%2Fmedia&parent=40"}],"curies":[{"name":"wp","href":"https:\/\/api.w.org\/{rel}","templated":true}]}}